[INFO] cloning repository https://github.com/juicycleff/ultimate
[INFO] running `Command { std: "git" "-c" "credential.helper=" "-c" "credential.helper=/workspace/cargo-home/bin/git-credential-null" "clone" "--bare" "https://github.com/juicycleff/ultimate" "/workspace/cache/git-repos/https%3A%2F%2Fgithub.com%2Fjuicycleff%2Fultimate", kill_on_drop: false }`
[INFO] [stderr] Cloning into bare repository '/workspace/cache/git-repos/https%3A%2F%2Fgithub.com%2Fjuicycleff%2Fultimate'...
[INFO] running `Command { std: "git" "rev-parse" "HEAD", kill_on_drop: false }`
[INFO] [stdout] 7272f17cdeab1ad23049e8f7602549f0dc835eae
[INFO] checking juicycleff/ultimate against try#72f88fc4e9458f89516a0b8b0868f3718aec5b47 for pr-74989
[INFO] running `Command { std: "git" "clone" "/workspace/cache/git-repos/https%3A%2F%2Fgithub.com%2Fjuicycleff%2Fultimate" "/workspace/builds/worker-6/source", kill_on_drop: false }`
[INFO] [stderr] Cloning into '/workspace/builds/worker-6/source'...
[INFO] [stderr] done.
[INFO] validating manifest of git repo https://github.com/juicycleff/ultimate on toolchain 72f88fc4e9458f89516a0b8b0868f3718aec5b47
[INFO] running `Command { std: "/workspace/cargo-home/bin/cargo" "+72f88fc4e9458f89516a0b8b0868f3718aec5b47" "read-manifest" "--manifest-path" "Cargo.toml", kill_on_drop: false }`
[INFO] started tweaking git repo https://github.com/juicycleff/ultimate
[INFO] removed workspace from git repo https://github.com/juicycleff/ultimate
[INFO] finished tweaking git repo https://github.com/juicycleff/ultimate
[INFO] tweaked toml for git repo https://github.com/juicycleff/ultimate written to /workspace/builds/worker-6/source/Cargo.toml
[INFO] crate git repo https://github.com/juicycleff/ultimate already has a lockfile, it will not be regenerated
[INFO] running `Command { std: "/workspace/cargo-home/bin/cargo" "+72f88fc4e9458f89516a0b8b0868f3718aec5b47" "fetch" "--locked" "--manifest-path" "Cargo.toml", kill_on_drop: false }`
[INFO] [stderr] error: the lock file /workspace/builds/worker-6/source/Cargo.lock needs to be updated but --locked was passed to prevent this
[INFO] [stderr] If you want to try to generate the lock file without accessing the network, use the --offline flag.
[INFO] the lockfile is outdated, regenerating it
[INFO] running `Command { std: "/workspace/cargo-home/bin/cargo" "+72f88fc4e9458f89516a0b8b0868f3718aec5b47" "generate-lockfile" "--manifest-path" "Cargo.toml" "-Zno-index-update", kill_on_drop: false }`
[INFO] running `Command { std: "/workspace/cargo-home/bin/cargo" "+72f88fc4e9458f89516a0b8b0868f3718aec5b47" "fetch" "--locked" "--manifest-path" "Cargo.toml", kill_on_drop: false }`
[INFO] [stderr]     Blocking waiting for file lock on package cache
[INFO] [stderr]  Downloading crates ...
[INFO] [stderr]   Downloaded protobuf v2.17.0
[INFO] [stderr]   Downloaded multer v1.2.2
[INFO] [stderr]   Downloaded tracing-attributes v0.1.11
[INFO] [stderr]   Downloaded crossbeam-channel v0.4.4
[INFO] [stderr]   Downloaded bson v1.1.0
[INFO] [stderr]   Downloaded async-graphql-derive v1.18.1
[INFO] [stderr]   Downloaded actix-multipart v0.2.0
[INFO] [stderr]   Downloaded actix-web-actors v2.0.0
[INFO] [stderr]   Downloaded async-graphql v1.18.1
[INFO] [stderr]   Downloaded ascii v0.9.3
[INFO] [stderr]   Downloaded juniper v0.14.2
[INFO] [stderr]   Downloaded async-graphql-parser v1.18.1
[INFO] [stderr]   Downloaded async-stream v0.2.1
[INFO] [stderr]   Downloaded async-graphql-actix-web v0.7.8
[INFO] [stderr]   Downloaded async-stream-impl v0.2.1
[INFO] [stderr]   Downloaded chrono-tz v0.5.3
[INFO] [stderr]   Downloaded juniper_codegen v0.14.2
[INFO] [stderr]   Downloaded actix_derive v0.5.0
[INFO] [stderr]   Downloaded parse-zoneinfo v0.3.0
[INFO] [stderr]   Downloaded actix v0.9.0
[INFO] [stderr]   Downloaded unchecked-index v0.2.2
[INFO] [stderr]   Downloaded twoway v0.2.1
[INFO] [stderr]   Downloaded cargo-lock v4.0.1
[INFO] [stderr]   Downloaded built v0.4.3
[INFO] [stderr]   Downloaded combine v3.8.1
[INFO] [stderr]   Downloaded graphql-parser v0.2.3
[INFO] running `Command { std: "docker" "create" "-v" "/var/lib/crater-agent-workspace/builds/worker-6/target:/opt/rustwide/target:rw,Z" "-v" "/var/lib/crater-agent-workspace/builds/worker-6/source:/opt/rustwide/workdir:ro,Z" "-v" "/var/lib/crater-agent-workspace/cargo-home:/opt/rustwide/cargo-home:ro,Z" "-v" "/var/lib/crater-agent-workspace/rustup-home:/opt/rustwide/rustup-home:ro,Z" "-e" "SOURCE_DIR=/opt/rustwide/workdir" "-e" "CARGO_TARGET_DIR=/opt/rustwide/target" "-e" "CARGO_HOME=/opt/rustwide/cargo-home" "-e" "RUSTUP_HOME=/opt/rustwide/rustup-home" "-w" "/opt/rustwide/workdir" "-m" "1610612736" "--user" "0:0" "--network" "none" "rustops/crates-build-env@sha256:d92eaeed33fa75130ca1ee6c8a01d1ffb62bac859dfdfb3450e3e5d1c0146529" "/opt/rustwide/cargo-home/bin/cargo" "+72f88fc4e9458f89516a0b8b0868f3718aec5b47" "metadata" "--no-deps" "--format-version=1", kill_on_drop: false }`
[INFO] [stdout] 17ab79c74336c4a586f91103b561aac2eee4aa882dae44e64cce34d13877505a
[INFO] [stderr] WARNING: Your kernel does not support swap limit capabilities or the cgroup is not mounted. Memory limited without swap.
[INFO] running `Command { std: "docker" "start" "-a" "17ab79c74336c4a586f91103b561aac2eee4aa882dae44e64cce34d13877505a", kill_on_drop: false }`
[INFO] running `Command { std: "docker" "inspect" "17ab79c74336c4a586f91103b561aac2eee4aa882dae44e64cce34d13877505a", kill_on_drop: false }`
[INFO] running `Command { std: "docker" "rm" "-f" "17ab79c74336c4a586f91103b561aac2eee4aa882dae44e64cce34d13877505a", kill_on_drop: false }`
[INFO] [stdout] 17ab79c74336c4a586f91103b561aac2eee4aa882dae44e64cce34d13877505a
[INFO] running `Command { std: "docker" "create" "-v" "/var/lib/crater-agent-workspace/builds/worker-6/target:/opt/rustwide/target:rw,Z" "-v" "/var/lib/crater-agent-workspace/builds/worker-6/source:/opt/rustwide/workdir:ro,Z" "-v" "/var/lib/crater-agent-workspace/cargo-home:/opt/rustwide/cargo-home:ro,Z" "-v" "/var/lib/crater-agent-workspace/rustup-home:/opt/rustwide/rustup-home:ro,Z" "-e" "SOURCE_DIR=/opt/rustwide/workdir" "-e" "CARGO_TARGET_DIR=/opt/rustwide/target" "-e" "CARGO_INCREMENTAL=0" "-e" "RUST_BACKTRACE=full" "-e" "RUSTFLAGS=--cap-lints=forbid" "-e" "CARGO_HOME=/opt/rustwide/cargo-home" "-e" "RUSTUP_HOME=/opt/rustwide/rustup-home" "-w" "/opt/rustwide/workdir" "-m" "1610612736" "--user" "0:0" "--network" "none" "rustops/crates-build-env@sha256:d92eaeed33fa75130ca1ee6c8a01d1ffb62bac859dfdfb3450e3e5d1c0146529" "/opt/rustwide/cargo-home/bin/cargo" "+72f88fc4e9458f89516a0b8b0868f3718aec5b47" "check" "--frozen" "--all" "--all-targets" "--message-format=json", kill_on_drop: false }`
[INFO] [stdout] 24725f4f30dbcfdbe68e9a800e624c2af43042c6b7852004d2eb1759d248f5a8
[INFO] [stderr] WARNING: Your kernel does not support swap limit capabilities or the cgroup is not mounted. Memory limited without swap.
[INFO] running `Command { std: "docker" "start" "-a" "24725f4f30dbcfdbe68e9a800e624c2af43042c6b7852004d2eb1759d248f5a8", kill_on_drop: false }`
[INFO] [stderr]    Compiling proc-macro2 v1.0.21
[INFO] [stderr]    Compiling unicode-xid v0.2.1
[INFO] [stderr]    Compiling syn v1.0.41
[INFO] [stderr]     Checking cfg-if v0.1.10
[INFO] [stderr]    Compiling memchr v2.3.3
[INFO] [stderr]    Compiling autocfg v1.0.1
[INFO] [stderr]     Checking lazy_static v1.4.0
[INFO] [stderr]    Compiling log v0.4.11
[INFO] [stderr]    Compiling serde_derive v1.0.116
[INFO] [stderr]    Compiling serde v1.0.116
[INFO] [stderr]     Checking slab v0.4.2
[INFO] [stderr]     Checking fnv v1.0.7
[INFO] [stderr]     Checking once_cell v1.4.1
[INFO] [stderr]     Checking arc-swap v0.4.7
[INFO] [stderr]     Checking smallvec v1.4.2
[INFO] [stderr]     Checking scopeguard v1.1.0
[INFO] [stderr]    Compiling getrandom v0.1.15
[INFO] [stderr]     Checking matches v0.1.8
[INFO] [stderr]     Checking tinyvec v0.3.4
[INFO] [stderr]     Checking instant v0.1.6
[INFO] [stderr]     Checking itoa v0.4.6
[INFO] [stderr]    Compiling ryu v1.0.5
[INFO] [stderr]     Checking either v1.6.0
[INFO] [stderr]    Compiling bitflags v1.2.1
[INFO] [stderr]     Checking percent-encoding v2.1.0
[INFO] [stderr]     Checking adler v0.2.3
[INFO] [stderr]     Checking hashbrown v0.9.0
[INFO] [stderr]     Checking copyless v0.1.5
[INFO] [stderr]     Checking gimli v0.22.0
[INFO] [stderr]    Compiling failure_derive v0.1.8
[INFO] [stderr]     Checking object v0.20.0
[INFO] [stderr]     Checking quick-error v1.2.3
[INFO] [stderr]     Checking regex-syntax v0.6.18
[INFO] [stderr]     Checking linked-hash-map v0.5.3
[INFO] [stderr]    Compiling unicode-segmentation v1.6.0
[INFO] [stderr]    Compiling cc v1.0.59
[INFO] [stderr]    Compiling encoding_rs v0.8.24
[INFO] [stderr]    Compiling httparse v1.3.4
[INFO] [stderr]     Checking mime v0.3.16
[INFO] [stderr]    Compiling ucd-trie v0.1.3
[INFO] [stderr]     Checking dtoa v0.4.6
[INFO] [stderr]    Compiling maplit v1.0.2
[INFO] [stderr]     Checking language-tags v0.2.2
[INFO] [stderr]    Compiling maybe-uninit v2.0.0
[INFO] [stderr]     Checking unchecked-index v0.2.2
[INFO] [stderr]     Checking semver-parser v0.7.0
[INFO] [stderr]     Checking remove_dir_all v0.5.3
[INFO] [stderr]     Checking base64 v0.12.3
[INFO] [stderr]    Compiling protobuf v2.17.0
[INFO] [stderr]     Checking spin v0.5.2
[INFO] [stderr]     Checking termcolor v1.1.0
[INFO] [stderr]     Checking bytestring v0.1.5
[INFO] [stderr]     Checking thread_local v1.0.1
[INFO] [stderr]     Checking tracing-core v0.1.16
[INFO] [stderr]     Checking lock_api v0.4.1
[INFO] [stderr]     Checking lock_api v0.3.4
[INFO] [stderr]     Checking futures-task v0.3.5
[INFO] [stderr]     Checking unicode-bidi v0.3.4
[INFO] [stderr]     Checking http v0.2.1
[INFO] [stderr]     Checking itertools v0.9.0
[INFO] [stderr]     Checking unicode-normalization v0.1.13
[INFO] [stderr]     Checking humantime v1.3.0
[INFO] [stderr]     Checking lru-cache v0.1.2
[INFO] [stderr]    Compiling indexmap v1.6.0
[INFO] [stderr]    Compiling miniz_oxide v0.4.2
[INFO] [stderr]    Compiling num-traits v0.2.12
[INFO] [stderr]    Compiling num-integer v0.1.43
[INFO] [stderr]    Compiling crossbeam-utils v0.7.2
[INFO] [stderr]    Compiling heck v0.3.1
[INFO] [stderr]    Compiling pest v2.1.3
[INFO] [stderr]     Checking crc32fast v1.2.0
[INFO] [stderr]     Checking iovec v0.1.4
[INFO] [stderr]     Checking net2 v0.2.35
[INFO] [stderr]     Checking signal-hook-registry v1.2.1
[INFO] [stderr]     Checking parking_lot_core v0.8.0
[INFO] [stderr]     Checking num_cpus v1.13.0
[INFO] [stderr]     Checking socket2 v0.3.15
[INFO] [stderr]     Checking hostname v0.3.1
[INFO] [stderr]     Checking parking_lot_core v0.7.2
[INFO] [stderr]     Checking atty v0.2.14
[INFO] [stderr]     Checking fxhash v0.2.1
[INFO] [stderr]     Checking aho-corasick v0.7.13
[INFO] [stderr]     Checking twoway v0.2.1
[INFO] [stderr]     Checking combine v3.8.1
[INFO] [stderr]     Checking idna v0.2.0
[INFO] [stderr]    Compiling quote v1.0.7
[INFO] [stderr]    Compiling brotli-sys v0.3.2
[INFO] [stderr]     Checking resolv-conf v0.6.3
[INFO] [stderr]     Checking threadpool v1.8.1
[INFO] [stderr]     Checking rand_core v0.5.1
[INFO] [stderr]    Compiling pest_meta v2.1.3
[INFO] [stderr]     Checking parking_lot v0.11.0
[INFO] [stderr]     Checking parking_lot v0.10.2
[INFO] [stderr]     Checking mio v0.6.22
[INFO] [stderr]     Checking addr2line v0.13.0
[INFO] [stderr]     Checking url v2.1.1
[INFO] [stderr]     Checking crossbeam-channel v0.4.4
[INFO] [stderr]     Checking flate2 v1.0.17
[INFO] [stderr]     Checking regex v1.3.9
[INFO] [stderr]     Checking rand_chacha v0.2.2
[INFO] [stderr]     Checking backtrace v0.3.50
[INFO] [stderr]     Checking rand v0.7.3
[INFO] [stderr]     Checking chrono v0.4.15
[INFO] [stderr]     Checking mio-uds v0.6.8
[INFO] [stderr]     Checking tokio v0.2.22
[INFO] [stderr]     Checking env_logger v0.7.1
[INFO] [stderr]     Checking tempfile v3.1.0
[INFO] [stderr]    Compiling parse-zoneinfo v0.3.0
[INFO] [stderr]    Compiling Inflector v0.11.4
[INFO] [stderr]    Compiling chrono-tz v0.5.3
[INFO] [stderr]     Checking tokio-util v0.3.1
[INFO] [stderr]     Checking tokio-util v0.2.0
[INFO] [stderr]     Checking brotli2 v0.3.2
[INFO] [stderr]     Checking actix-codec v0.2.0
[INFO] [stderr]    Compiling synstructure v0.12.4
[INFO] [stderr]    Compiling pest_generator v2.1.3
[INFO] [stderr]    Compiling pin-project-internal v0.4.23
[INFO] [stderr]    Compiling futures-macro v0.3.5
[INFO] [stderr]    Compiling derive_more v0.99.10
[INFO] [stderr]    Compiling actix-macros v0.1.2
[INFO] [stderr]    Compiling async-trait v0.1.40
[INFO] [stderr]    Compiling tracing-attributes v0.1.11
[INFO] [stderr]    Compiling enum-as-inner v0.3.3
[INFO] [stderr]    Compiling pest_derive v2.1.0
[INFO] [stderr]    Compiling actix-web-codegen v0.2.2
[INFO] [stderr]    Compiling async-stream-impl v0.2.1
[INFO] [stderr]    Compiling actix_derive v0.5.0
[INFO] [stderr]    Compiling thiserror-impl v1.0.20
[INFO] [stderr]    Compiling juniper_codegen v0.14.2
[INFO] [stderr]     Checking failure v0.1.8
[INFO] [stderr]     Checking async-stream v0.2.1
[INFO] [stderr]     Checking graphql-parser v0.2.3
[INFO] [stderr]     Checking tracing v0.1.19
[INFO] [stderr]     Checking thiserror v1.0.20
[INFO] [stderr]     Checking pin-project v0.4.23
[INFO] [stderr]     Checking futures-util v0.3.5
[INFO] [stderr]     Checking actix-codec v0.3.0
[INFO] [stderr]     Checking actix-threadpool v0.3.3
[INFO] [stderr]     Checking futures-executor v0.3.5
[INFO] [stderr]     Checking actix-service v1.0.6
[INFO] [stderr]     Checking actix-rt v1.1.1
[INFO] [stderr]     Checking futures v0.3.5
[INFO] [stderr]     Checking trust-dns-proto v0.18.0-alpha.2
[INFO] [stderr]     Checking multer v1.2.2
[INFO] [stderr]     Checking actix-utils v1.0.6
[INFO] [stderr]     Checking actix-utils v2.0.0
[INFO] [stderr]     Checking actix-server v1.0.4
[INFO] [stderr]     Checking actix-tls v1.0.0
[INFO] [stderr]     Checking serde_urlencoded v0.6.1
[INFO] [stderr]     Checking actix-router v0.2.4
[INFO] [stderr]     Checking semver v0.9.0
[INFO] [stderr]     Checking toml v0.5.6
[INFO] [stderr]     Checking uuid v0.8.1
[INFO] [stderr]     Checking actix-testing v1.0.1
[INFO] [stderr]     Checking serde_json v1.0.57
[INFO] [stderr]     Checking h2 v0.2.6
[INFO] [stderr]     Checking juniper v0.14.2
[INFO] [stderr]     Checking trust-dns-resolver v0.18.0-alpha.2
[INFO] [stderr]     Checking cargo-lock v4.0.1
[INFO] [stderr]     Checking bson v1.1.0
[INFO] [stderr]     Checking async-graphql-parser v1.18.1
[INFO] [stderr]     Checking actix-connect v1.0.2
[INFO] [stderr]     Checking built v0.4.3
[INFO] [stderr]    Compiling proc-macro-crate v0.1.5
[INFO] [stderr]     Checking actix-http v1.0.1
[INFO] [stderr]    Compiling async-graphql-derive v1.18.1
[INFO] [stderr]     Checking awc v1.0.1
[INFO] [stderr]     Checking actix v0.9.0
[INFO] [stderr]     Checking actix-web v2.0.0
[INFO] [stderr]     Checking actix-web-actors v2.0.0
[INFO] [stderr]     Checking actix-multipart v0.2.0
[INFO] [stderr]     Checking async-graphql v1.18.1
[INFO] [stderr]     Checking async-graphql-actix-web v0.7.8
[INFO] [stdout] error[E0107]: wrong number of type arguments: expected 0, found 3
[INFO] [stdout]   --> /opt/rustwide/cargo-home/registry/src/github.com-1ecc6299db9ec823/async-graphql-actix-web-0.7.8/src/lib.rs:26:22
[INFO] [stdout]    |
[INFO] [stdout] 26 |         QueryBuilder<Query, Mutation, Subscription>,
[INFO] [stdout]    |                      ^^^^^  ^^^^^^^^  ^^^^^^^^^^^^ unexpected type argument
[INFO] [stdout]    |                      |      |
[INFO] [stdout]    |                      |      unexpected type argument
[INFO] [stdout]    |                      unexpected type argument
[INFO] [stdout] 
[INFO] [stdout] 
[INFO] [stdout] error[E0107]: wrong number of type arguments: expected 0, found 3
[INFO] [stdout]   --> /opt/rustwide/cargo-home/registry/src/github.com-1ecc6299db9ec823/async-graphql-actix-web-0.7.8/src/lib.rs:27:23
[INFO] [stdout]    |
[INFO] [stdout] 27 |     ) -> QueryBuilder<Query, Mutation, Subscription>,
[INFO] [stdout]    |                       ^^^^^  ^^^^^^^^  ^^^^^^^^^^^^ unexpected type argument
[INFO] [stdout]    |                       |      |
[INFO] [stdout]    |                       |      unexpected type argument
[INFO] [stdout]    |                       unexpected type argument
[INFO] [stdout] 
[INFO] [stdout] 
[INFO] [stdout] error[E0107]: wrong number of type arguments: expected 0, found 3
[INFO] [stdout]    --> /opt/rustwide/cargo-home/registry/src/github.com-1ecc6299db9ec823/async-graphql-actix-web-0.7.8/src/lib.rs:100:30
[INFO] [stdout]     |
[INFO] [stdout] 100 |                 QueryBuilder<Query, Mutation, Subscription>,
[INFO] [stdout]     |                              ^^^^^  ^^^^^^^^  ^^^^^^^^^^^^ unexpected type argument
[INFO] [stdout]     |                              |      |
[INFO] [stdout]     |                              |      unexpected type argument
[INFO] [stdout]     |                              unexpected type argument
[INFO] [stdout] 
[INFO] [stdout] 
[INFO] [stdout] error[E0107]: wrong number of type arguments: expected 0, found 3
[INFO] [stdout]    --> /opt/rustwide/cargo-home/registry/src/github.com-1ecc6299db9ec823/async-graphql-actix-web-0.7.8/src/lib.rs:101:31
[INFO] [stdout]     |
[INFO] [stdout] 101 |             ) -> QueryBuilder<Query, Mutation, Subscription>
[INFO] [stdout]     |                               ^^^^^  ^^^^^^^^  ^^^^^^^^^^^^ unexpected type argument
[INFO] [stdout]     |                               |      |
[INFO] [stdout]     |                               |      unexpected type argument
[INFO] [stdout]     |                               unexpected type argument
[INFO] [stdout] 
[INFO] [stdout] 
[INFO] [stdout] error: aborting due to 4 previous errors
[INFO] [stdout] 
[INFO] [stdout] 
[INFO] [stdout] For more information about this error, try `rustc --explain E0107`.
[INFO] [stdout] 
[INFO] [stderr] error: could not compile `async-graphql-actix-web`.
[INFO] [stderr] 
[INFO] [stderr] To learn more, run the command again with --verbose.
[INFO] running `Command { std: "docker" "inspect" "24725f4f30dbcfdbe68e9a800e624c2af43042c6b7852004d2eb1759d248f5a8", kill_on_drop: false }`
[INFO] running `Command { std: "docker" "rm" "-f" "24725f4f30dbcfdbe68e9a800e624c2af43042c6b7852004d2eb1759d248f5a8", kill_on_drop: false }`
[INFO] [stdout] 24725f4f30dbcfdbe68e9a800e624c2af43042c6b7852004d2eb1759d248f5a8
